{"id":214,"date":"2020-06-05T22:49:40","date_gmt":"2020-06-05T20:49:40","guid":{"rendered":"http:\/\/mairie-chatres.fr\/?page_id=214"},"modified":"2022-01-06T17:49:46","modified_gmt":"2022-01-06T16:49:46","slug":"mairie","status":"publish","type":"page","link":"http:\/\/mairie-chatres.fr\/index.php\/mairie\/","title":{"rendered":"Mairie"},"content":{"rendered":"\n<div class=\"wp-block-group\"><div class=\"wp-block-group__inner-container\">\n<div class=\"wp-block-group\"><div class=\"wp-block-group__inner-container\">\n<h2>La Communaut\u00e9 de Communes Seine et Aube<\/h2>\n\n\n\n<p><blockquote class=\"wp-embedded-content\" data-secret=\"Jeu74AHIG2\"><a href=\"http:\/\/mairie-chatres.fr\/index.php\/mairie\/communaute-de-communes\/\">Communaut\u00e9 de communes<\/a><\/blockquote><iframe class=\"wp-embedded-content\" sandbox=\"allow-scripts\" security=\"restricted\" style=\"position: absolute; clip: rect(1px, 1px, 1px, 1px);\" title=\"\u00ab\u00a0Communaut\u00e9 de communes\u00a0\u00bb &#8212; Mairie de Ch\u00e2tres\" src=\"http:\/\/mairie-chatres.fr\/index.php\/mairie\/communaute-de-communes\/embed\/#?secret=Jeu74AHIG2\" data-secret=\"Jeu74AHIG2\" width=\"600\" height=\"338\" frameborder=\"0\" marginwidth=\"0\" marginheight=\"0\" scrolling=\"no\"><\/iframe><\/p>\n<\/div><\/div>\n<\/div><\/div>\n\n\n\n<div class=\"wp-block-group\"><div class=\"wp-block-group__inner-container\">\n<h2>Horaires, num\u00e9ros utiles et acc\u00e8s<\/h2>\n\n\n\n<p><blockquote class=\"wp-embedded-content\" data-secret=\"PfG4LhOWln\"><a href=\"http:\/\/mairie-chatres.fr\/index.php\/mairie\/horaires-numeros-utiles-et-acces\/\">Horaires, num\u00e9ros utiles et acc\u00e8s<\/a><\/blockquote><iframe class=\"wp-embedded-content\" sandbox=\"allow-scripts\" security=\"restricted\" style=\"position: absolute; clip: rect(1px, 1px, 1px, 1px);\" title=\"\u00ab\u00a0Horaires, num\u00e9ros utiles et acc\u00e8s\u00a0\u00bb &#8212; Mairie de Ch\u00e2tres\" src=\"http:\/\/mairie-chatres.fr\/index.php\/mairie\/horaires-numeros-utiles-et-acces\/embed\/#?secret=PfG4LhOWln\" data-secret=\"PfG4LhOWln\" width=\"600\" height=\"338\" frameborder=\"0\" marginwidth=\"0\" marginheight=\"0\" scrolling=\"no\"><\/iframe><\/p>\n<\/div><\/div>\n\n\n\n<h2>Contact<\/h2>\n\n\n\n<p><blockquote class=\"wp-embedded-content\" data-secret=\"dp0ruM6zhp\"><a href=\"http:\/\/mairie-chatres.fr\/index.php\/mairie\/contact\/\">Contact<\/a><\/blockquote><iframe class=\"wp-embedded-content\" sandbox=\"allow-scripts\" security=\"restricted\" style=\"position: absolute; clip: rect(1px, 1px, 1px, 1px);\" title=\"\u00ab\u00a0Contact\u00a0\u00bb &#8212; Mairie de Ch\u00e2tres\" src=\"http:\/\/mairie-chatres.fr\/index.php\/mairie\/contact\/embed\/#?secret=dp0ruM6zhp\" data-secret=\"dp0ruM6zhp\" width=\"600\" height=\"338\" frameborder=\"0\" marginwidth=\"0\" marginheight=\"0\" scrolling=\"no\"><\/iframe><\/p>\n","protected":false},"excerpt":{"rendered":"<p class=\"text-justify\">La Communaut\u00e9 de Communes Seine et Aube Communaut\u00e9 de communes Horaires, num\u00e9ros utiles et acc\u00e8s Horaires, num\u00e9ros utiles et acc\u00e8s Contact Contact<\/p>\n","protected":false},"author":1,"featured_media":0,"parent":0,"menu_order":0,"comment_status":"closed","ping_status":"closed","template":"","meta":[],"_links":{"self":[{"href":"http:\/\/mairie-chatres.fr\/index.php\/wp-json\/wp\/v2\/pages\/214"}],"collection":[{"href":"http:\/\/mairie-chatres.fr\/index.php\/wp-json\/wp\/v2\/pages"}],"about":[{"href":"http:\/\/mairie-chatres.fr\/index.php\/wp-json\/wp\/v2\/types\/page"}],"author":[{"embeddable":true,"href":"http:\/\/mairie-chatres.fr\/index.php\/wp-json\/wp\/v2\/users\/1"}],"replies":[{"embeddable":true,"href":"http:\/\/mairie-chatres.fr\/index.php\/wp-json\/wp\/v2\/comments?post=214"}],"version-history":[{"count":6,"href":"http:\/\/mairie-chatres.fr\/index.php\/wp-json\/wp\/v2\/pages\/214\/revisions"}],"predecessor-version":[{"id":503,"href":"http:\/\/mairie-chatres.fr\/index.php\/wp-json\/wp\/v2\/pages\/214\/revisions\/503"}],"wp:attachment":[{"href":"http:\/\/mairie-chatres.fr\/index.php\/wp-json\/wp\/v2\/media?parent=214"}],"curies":[{"name":"wp","href":"https:\/\/api.w.org\/{rel}","templated":true}]}}