{"id":167,"date":"2020-06-05T22:32:41","date_gmt":"2020-06-05T20:32:41","guid":{"rendered":"http:\/\/mairie-chatres.fr\/?page_id=167"},"modified":"2022-01-06T17:35:44","modified_gmt":"2022-01-06T16:35:44","slug":"horaires-numeros-utiles-et-acces","status":"publish","type":"page","link":"http:\/\/mairie-chatres.fr\/index.php\/mairie\/horaires-numeros-utiles-et-acces\/","title":{"rendered":"Horaires, num\u00e9ros utiles et acc\u00e8s"},"content":{"rendered":"\n<h3 class=\"has-vivid-red-color has-text-color\">Horaires d&rsquo;ouverture :<\/h3>\n\n\n\n<p>Lundi de 17h \u00e0 18h,<\/p>\n\n\n\n<p>Mardi de 17h \u00e0 18h,<\/p>\n\n\n\n<p>vendredi de 10h \u00e0 11h30.<\/p>\n\n\n\n<p>Samedi permanence maire \/adjoints de 10h \u00e0 11h30.<\/p>\n\n\n\n<h3 class=\"has-vivid-red-color has-text-color\">Num\u00e9ros utiles :<\/h3>\n\n\n\n<p>Mairie : 03 25 21 10 34<\/p>\n\n\n\n<p>\u00c9cole : 03 25 21 11 90<\/p>\n\n\n\n<h3 class=\"has-vivid-red-color has-text-color\">Plan d&rsquo;acc\u00e8s :<\/h3>\n\n\n\n<figure><iframe loading=\"lazy\" src=\"https:\/\/www.google.com\/maps\/embed?pb=!1m18!1m12!1m3!1d2643.690005110799!2d3.8494935155057988!3d48.50083603376946!2m3!1f0!2f0!3f0!3m2!1i1024!2i768!4f13.1!3m3!1m2!1s0x47eec80cf20c8617%3A0x35791ade6dd5c8bb!2sMairie!5e0!3m2!1sfr!2sfr!4v1591393499734!5m2!1sfr!2sfr\" style=\"border:0;\" allowfullscreen=\"\" aria-hidden=\"false\" tabindex=\"0\" width=\"600\" height=\"450\" frameborder=\"0\"><\/iframe><\/figure>\n\n\n\n<p><\/p>\n","protected":false},"excerpt":{"rendered":"<p class=\"text-justify\">Horaires d&rsquo;ouverture : Lundi de 17h \u00e0 18h, Mardi de 17h \u00e0 18h, vendredi de 10h \u00e0 11h30. Samedi permanence maire \/adjoints [&hellip;]<\/p>\n","protected":false},"author":1,"featured_media":0,"parent":214,"menu_order":0,"comment_status":"closed","ping_status":"closed","template":"","meta":[],"_links":{"self":[{"href":"http:\/\/mairie-chatres.fr\/index.php\/wp-json\/wp\/v2\/pages\/167"}],"collection":[{"href":"http:\/\/mairie-chatres.fr\/index.php\/wp-json\/wp\/v2\/pages"}],"about":[{"href":"http:\/\/mairie-chatres.fr\/index.php\/wp-json\/wp\/v2\/types\/page"}],"author":[{"embeddable":true,"href":"http:\/\/mairie-chatres.fr\/index.php\/wp-json\/wp\/v2\/users\/1"}],"replies":[{"embeddable":true,"href":"http:\/\/mairie-chatres.fr\/index.php\/wp-json\/wp\/v2\/comments?post=167"}],"version-history":[{"count":10,"href":"http:\/\/mairie-chatres.fr\/index.php\/wp-json\/wp\/v2\/pages\/167\/revisions"}],"predecessor-version":[{"id":265,"href":"http:\/\/mairie-chatres.fr\/index.php\/wp-json\/wp\/v2\/pages\/167\/revisions\/265"}],"up":[{"embeddable":true,"href":"http:\/\/mairie-chatres.fr\/index.php\/wp-json\/wp\/v2\/pages\/214"}],"wp:attachment":[{"href":"http:\/\/mairie-chatres.fr\/index.php\/wp-json\/wp\/v2\/media?parent=167"}],"curies":[{"name":"wp","href":"https:\/\/api.w.org\/{rel}","templated":true}]}}