{"id":121,"date":"2020-06-05T22:20:52","date_gmt":"2020-06-05T20:20:52","guid":{"rendered":"http:\/\/mairie-chatres.fr\/?page_id=121"},"modified":"2020-11-21T15:10:42","modified_gmt":"2020-11-21T14:10:42","slug":"https-www-ccseineetaube-fr-missions-et-competences-dechets-et-environnement-la-gestion-des-dechets","status":"publish","type":"page","link":"http:\/\/mairie-chatres.fr\/index.php\/https-www-ccseineetaube-fr-missions-et-competences-dechets-et-environnement-la-gestion-des-dechets\/","title":{"rendered":"Gestion des d\u00e9chets"},"content":{"rendered":"\n<p>Cette comp\u00e9tence est d\u00e9sormais du ressort de la Communaut\u00e9 de Communes Seine et Aube :<\/p>\n\n\n\n<p class=\"has-black-color has-text-color\"><strong>D\u00e9chetterie<\/strong> : <a href=\"https:\/\/www.ccseineetaube.fr\/missions-et-competences\/dechets-et-environnement\/dechetteries\" target=\"_blank\" rel=\"noreferrer noopener\">https:\/\/www.ccseineetaube.fr\/missions-et-competences\/dechets-et-environnement\/dechetteries<\/a><\/p>\n\n\n\n<p class=\"has-black-color has-text-color\"><strong>Tri et collecte<\/strong> : <a rel=\"noreferrer noopener\" href=\"https:\/\/www.ccseineetaube.fr\/missions-et-competences\/dechets-et-environnement\/la-gestion-des-dechets\" target=\"_blank\">https:\/\/www.ccseineetaube.fr\/missions-et-competences\/dechets-et-environnement\/la-gestion-des-dechets<\/a><\/p>\n","protected":false},"excerpt":{"rendered":"<p class=\"text-justify\">Cette comp\u00e9tence est d\u00e9sormais du ressort de la Communaut\u00e9 de Communes Seine et Aube : D\u00e9chetterie : https:\/\/www.ccseineetaube.fr\/missions-et-competences\/dechets-et-environnement\/dechetteries Tri et collecte : [&hellip;]<\/p>\n","protected":false},"author":1,"featured_media":355,"parent":0,"menu_order":0,"comment_status":"closed","ping_status":"closed","template":"","meta":[],"_links":{"self":[{"href":"http:\/\/mairie-chatres.fr\/index.php\/wp-json\/wp\/v2\/pages\/121"}],"collection":[{"href":"http:\/\/mairie-chatres.fr\/index.php\/wp-json\/wp\/v2\/pages"}],"about":[{"href":"http:\/\/mairie-chatres.fr\/index.php\/wp-json\/wp\/v2\/types\/page"}],"author":[{"embeddable":true,"href":"http:\/\/mairie-chatres.fr\/index.php\/wp-json\/wp\/v2\/users\/1"}],"replies":[{"embeddable":true,"href":"http:\/\/mairie-chatres.fr\/index.php\/wp-json\/wp\/v2\/comments?post=121"}],"version-history":[{"count":7,"href":"http:\/\/mairie-chatres.fr\/index.php\/wp-json\/wp\/v2\/pages\/121\/revisions"}],"predecessor-version":[{"id":359,"href":"http:\/\/mairie-chatres.fr\/index.php\/wp-json\/wp\/v2\/pages\/121\/revisions\/359"}],"wp:featuredmedia":[{"embeddable":true,"href":"http:\/\/mairie-chatres.fr\/index.php\/wp-json\/wp\/v2\/media\/355"}],"wp:attachment":[{"href":"http:\/\/mairie-chatres.fr\/index.php\/wp-json\/wp\/v2\/media?parent=121"}],"curies":[{"name":"wp","href":"https:\/\/api.w.org\/{rel}","templated":true}]}}